mber?
True
Suppose -2*i = 2*i - 3*h + 32, 3*i + 5*h + 24 = 0. Let d = 1 - i. Suppose 3*t = a, 2*a + 0*t - d = 3*t. Is a prime?
False
Let g = 5 - 3. Suppose w + g = 8. Is ((-514)/4)/((-3)/w) composite?
False
Let m(w) = w + 5. Let q be m(-6). Let l(n) = -130*n + 1. Is l(q) prime?
True
Let w(s) = 3*s**3 - 3*s**2 - 4*s - 1. Suppose r = 5*i - 9, 6 = 2*r - 2*i - 0*i. Is w(r) a prime number?
False
Suppose 3*r - 12 = 12. Suppose 3*m - r = -m. Suppose 3*k - m*n - 227 = 0, -3*k + 69 = n - 164. Is k a prime number?
False
Let m = -25 - -17. Let u(p) = p**2 + 6*p + 11. Let f be u(m). Suppose r - f = 50. Is r prime?
False
Suppose 4*i = 3*r - 4, r - 6*r + 2*i + 16 = 0. Suppose -r*s = -6*s - 5*f + 1300, 3*s - 3*f - 1971 = 0. Is s composite?
True
Suppose 2*u = 5*q + 114, -2*q + 5*q = -4*u + 228. Suppose 14 = 4*b - 10. Suppose -b*z = -3*z - u. Is z a composite number?
False
Suppose 4*h - 5*i = -0*h + 16, 0 = 4*h - 2*i - 16. Suppose 0 = -h*u - 5*o + 1374, 0 = -5*o + 15 - 5. Suppose u + 204 = 5*l. Is l a prime number?
True
Suppose -2*x + x + 4 = 0. Suppose -59 = -x*z - k, -5*z - 4*k + 96 - 14 = 0. Is z prime?
False
Suppose -w + g = -6*w + 1902, 2*w - 5*g - 777 = 0. Suppose 2*z = -z + w. Is z a composite number?
False
Let q be (-7)/2*(-60)/35. Suppose 4*p = q + 134. Is p a prime number?
False
Suppose 5*a = -a + 24618. Is a prime?
False
Let o be (27/3)/(-3) + -2. Let s(v) = 6*v**2 + 8*v + 5. Is s(o) prime?
False
Suppose 116 = -4*x + 540. Suppose 2*q + x = 272. Is q composite?
False
Is (22/(-8))/(1 + 750/(-744)) prime?
False
Let l(z) = -124*z**2 - z. Let r be l(1). Suppose -4*k - 252 = 3*y, -7*k - 425 = 5*y - 2*k. Let c = y - r. Is c prime?
True
Suppose -u - 3*w = -1118, w - 1153 - 2193 = -3*u. Is u prime?
False
Let z(s) = s**3 - 8*s**2 + 6*s + 10. Let r be z(7). Is (-2)/(-3)*6 + r composite?
False
Let d(s) = s**3 + 7*s**2 - 2*s + 6. Let l be d(-6). Suppose 3*p + l - 168 = 0. Is p prime?
False
Let c = 3 - 0. Suppose 0 = -c*u + 2*q + 3*q + 396, -387 = -3*u + 2*q. Is u composite?
False
Let s(y) = -50*y - 21. Is s(-7) a composite number?
True
Let x(d) = 15*d - 3. Let n be x(5). Let g be 2/9 + (-353)/9. Let s = g + n. Is s a composite number?
True
Let t(a) = -5*a + 2. Let o(u) = 4*u - 3. Let n(y) = 2*o(y) + 3*t(y). Suppose -8*g = -5*g + 9. Is n(g) composite?
True
Let j(z) = 95*z + 4. Is j(11) a prime number?
True
Let c(j) = -j**3 - j**2 + 359. Let m(l) = l**2 - l - 6. Let k be m(3). Is c(k) composite?
False
Let h(d) = -4*d**2 + 5 + 13*d**2 - 2*d + 7*d + 2*d**2. Is h(-4) a composite number?
True
Let f be -1 - (3 - 1 - 1). Let i = 5 + f. Suppose 5*h - 4*t = -9*t + 770, -i = 3*t. Is h composite?
True
Suppose 4*m - 64 - 20 = 0. Is m prime?
False
Let d = 35 - 25. Let v(y) = 2*y**2 - 9*y + 9. Is v(d) composite?
True
Is (-11545)/(-20) - (-1)/(-4) a prime number?
True
Let p be (0 - -1)/(12/2460). Let k = p + -116. Is k composite?
False
Let n(d) = 5*d**3 - d**2 - 4*d + 4. Suppose 0 = w - 5 + 2. Is n(w) a composite number?
True
Suppose -4*i - 10 = -9*i. Suppose 0 = -b + i. Suppose 2*c - 90 = 4*q, 3*c + b*q - 249 = -2*c. Is c composite?
True
Let j = 33 + -20. Suppose -5*k + 72 = -j. Suppose 0 = -p + 124 + k. Is p prime?
False
Let k(a) = 6*a + 4. Let h be k(-4). Let j = -2 - -1. Let q = j - h. Is q a composite number?
False
Let p be 2 + -2 - -1 - 1. Suppose -4*a - 73 = -3*u, -u - a = -p*u - 15. Is u a composite number?
False
Let t(x) = 2*x + 10 + 5 - x. Let r be t(-8). Suppose -2*j + 30 = i, -j = r*i - 2*i - 114. Is i composite?
True
Let r = 46 - 23. Is r a composite number?
False
Let g = 2 - -3. Suppose 63 = t + g*j - 120, -5*t + 915 = j. Is t composite?
True
Let v = 892 + -449. Is v a prime number?
True
Let b(d) = d + 7. Let a be b(-6). Suppose a = 5*y - 634. Is y a prime number?
True
Is 532/42*(-3)/(-1) prime?
False
Let w be (-1 - -5) + (0 - 1). Let t = w + 8. Is t a prime number?
True
Let a(v) = 187*v**2 + v + 1. Is a(2) prime?
True
Suppose 3*o = 3*g + 606, -2*o + 2*g = 6*g - 410. Is o a composite number?
True
Let i = 0 - -6. Is (i/(-9))/(-2)*147 prime?
False
Suppose 2*x + 312 = 2*n - 2*x, -2*n = x - 332. Is (9/(-6))/((-3)/n) a composite number?
True
Let g(s) = 72*s + 1. Is g(2) composite?
True
Let w(v) = v**3 + 8*v**2 - 13*v + 3. Suppose 2*d - 5 = -35. Let k = 6 + d. Is w(k) composite?
True
Let k = -157 - -368. Is k composite?
False
Suppose 3*y + 1899 = 3*g, -g = 4*y + 181 - 824. Is g composite?
True
Suppose 0 = -5*c + 27 + 23. Let i = c + 135. Is i prime?
False
Let f(i) = -1 + 0*i - 13*i + 2. Let k be f(-1). Suppose 0 = -0*o - 2*o + k. Is o a prime number?
True
Suppose 5*l - 566 = 4*l. Is l a prime number?
False
Let s(j) = 20*j**2 - 2*j + 1. Let v be (4/4)/(-1 - -2). Let f be s(v). Let c = f - -32. Is c a composite number?
True
Is (2/9 - (-334)/36)*22 composite?
True
Suppose -2*v = 2*m + 290, 3*v + 4*m + m + 433 = 0. Let g = v + 279. Is g prime?
False
Let x(z) = -z - 2. Let w be x(-6). Let i(g) = 5*g**2 + 3*g - 5. Let s be i(w). Suppose 0 = 4*f + 3*b - 88, -3*f + s = 2*f - 2*b. Is f a prime number?
True
Let r(u) = -15*u + 14. Is r(-11) composite?
False
Let a(i) = 3*i**2 + 5*i - 7. Let g be a(6). Suppose 206 = -0*b + 3*b + 5*k, 3*k + g = 2*b. Is b composite?
False
Suppose 0 = -4*s + 5*s - 5*o - 11, 0 = -4*o + 16. Is s a prime number?
True
Let g = -1 - -6. Suppose o = g*u + 175 - 30, 2*u + 5*o = -31. Let w = 39 + u. Is w a prime number?
True
Suppose s + 4*t = 80 - 6, -3*t + 319 = 5*s. Suppose 0 = r + 9 - s. Is r a composite number?
False
Suppose -156 = -3*g + 687. Let v = g - 172. Let w = v - 72. Is w a composite number?
False
Let z(b) = -b**2 - 11*b - 12. Is z(-9) a prime number?
False
Suppose -u - 173 = 209. Let q be (-9)/27 - u/3. Let k = -62 + q. Is k a composite number?
True
Suppose 0 = -4*v + 4*a - 40, -5*a = -3*v + 6*v + 38. Let g = v - -16. Suppose 3*y - g*w = 62, 3*y - 62 = -5*w - 10. Is y prime?
True
Let x(k) = -k**3 + 2*k**2 + 5. Is x(-6) a composite number?
False
Let p be (-1)/1*638*-1. Suppose -p = -4*w + 294. Is w composite?
False
Let p(l) = l**3 + 4*l**2 - 4*l + 13. Is p(5) prime?
False
Is 5*((-288)/(-20) + -1) composite?
False
Let p(y) = -y**2 + 1. Let b(z) = 12*z**2 - 9*z - 18. Let i(o) = -b(o) - 15*p(o). Is i(-7) a prime number?
False
Let l(t) = -9*t**3 - t**2 - 5*t - 5. Let q be l(-4). Suppose -3*j = 2*j - q. Suppose -91 = -3*v - 4*s, j + 52 = 5*v - s. Is v a prime number?
False
Suppose -4*t + 19 = 4*g - 3*g, 3*t = 12. Suppose -g*o = -33 - 0. Is o a prime number?
True
Let n be (-1)/(-2*(-2)/380). Let b be 3*(2 - (-104)/(-6)). Let x = b - n. Is x a composite number?
True
Let k = -16 + 39. Suppose 5*n = 11 + 119. Let h = n + k. Is h a composite number?
True
Let r = 53 - 25. Is (r/3)/(2/3) composite?
True
Let f(r) = r**2 + 4*r + 3. Let j be f(-3). Let a = 3 + j. Suppose -a*z + 3 = -2*c + 14, 0 = 2*c + 3*z - 29. Is c a composite number?
True
Let u be -1 - -5*(-1)/(-1). Suppose -238 = u*s + 270. Let g = s + 270. Is g prime?
False
Let w(m) = 5*m - 2*m**2 - 2 - m**2 + 0*m**2 + 5*m**2. Let a(o) = -o**2 - 2*o + 1. Let n(i) = -7*a(i) - 3*w(i). Is n(-4) a composite number?
False
Is -5*2/(-35) - (-9567)/7 a composite number?
False
Let h(l) = l**2 + l + 315. Let t be h(0). Suppose o - 2*o + t = -d, -d = o - 323. Is o a composite number?
True
Let d = -346 - -639. Is d prime?
True
Suppose -222 = -5*o - 67. Suppose -c = -51 - o. Is c a prime number?
False
Let x = -2436 + 4455. Is x prime?
False
Is (738/(-15)*-1)/((-4)/(-10)) prime?
False
Suppose -2*f - 2567 = -3*w, -256 - 3997 = -5*w - 3*f. Is w a composite number?
False
Suppose 4*h - 5*o - 284 = 662, -3*h + 4*o = -709. Is h prime?
True
Let v = 1 - 7. Is 209 + v/(-1 + -2) a composite number?
False
Let m(q) = 3*q - 2. Let z be m(2). Let t(n) = n**3 - 3*n**2 - 6*n - 4. Let c be t(5). Suppose 2*d - 10 = -2, -c = -z*y + 2*d. Is y prime?
False
Is ((-18416)/40)/((-2)/5) a prime number?
True
Suppose 4*b = 23 + 81. Is b a prime number?
False
Suppose 4*l = 2*l + 134. Is l a prime number?
True
Let z = -5 - -9. Suppose -4*l + 4*c = -804, -c = z*l + l - 1017. Is l composite?
True
Let m(f) be the third derivative of -f**6/120 + 3*f**5/20 + 13*f**4/24 - 11*f**3/6 - 2*f**2. Is m(10) a prime number?
True
Let m be 1/2 + 36/8. Suppose 0 = 2*u - m*u + 42. Is u a prime number?
False
Suppose 3*f + f = -4*m + 1436, 5*m = -3*f + 1083. Let s b